{"id":33,"date":"2021-07-13T17:55:56","date_gmt":"2021-07-13T14:55:56","guid":{"rendered":"https:\/\/ollisavolainen.fi\/?page_id=33"},"modified":"2022-05-23T15:28:48","modified_gmt":"2022-05-23T12:28:48","slug":"tyonohjaus","status":"publish","type":"page","link":"https:\/\/ollisavolainen.fi\/valmennus\/tyonohjaus\/","title":{"rendered":"El\u00e4m\u00e4ntaito- ja ty\u00f6el\u00e4m\u00e4valmennus"},"content":{"rendered":"\n<p>Kaipaatko tukea tai ratkaisua johonkin sinua mietitytt\u00e4v\u00e4\u00e4n tai kaihertavaan tilanteeseen?<\/p>\n\n\n\n<p>Mietitk\u00f6 tulla miten siksi itseksesi ja el\u00e4\u00e4 sit\u00e4 el\u00e4m\u00e4\u00e4, jota sisimm\u00e4ss\u00e4si kaipaat? Pohditko miten saada sis\u00e4iset resurssisi t\u00e4ydell\u00e4 tavalla k\u00e4ytt\u00f6\u00f6n? Katsotaan yhdess\u00e4 ja l\u00f6ydet\u00e4\u00e4n askelia eteenp\u00e4in! <a href=\"https:\/\/ollisavolainen.fi\/wordpress\/tyonohjaus\/\">Lis\u00e4\u00e4 ty\u00f6nohjauksesta<\/a><\/p>\n\n\n\n<h2 class=\"wp-block-heading\"><strong>Valmennusta ihmiselt\u00e4 joka ymm\u00e4rt\u00e4\u00e4 tunteita JA ty\u00f6el\u00e4m\u00e4\u00e4<\/strong><\/h2>\n\n\n\n<p><strong>P\u00e4\u00e4asiassa valmennus keskittyy siihen, ett\u00e4 sinussa ne kokemukset p\u00e4\u00e4sev\u00e4t paikalle, jotka haluavat tulla ilmaistuiksi ja n\u00e4hdyiksi. <\/strong><\/p>\n\n\n\n<p><strong>Silti joskus on tarvetta sillekin, ett\u00e4 l\u00f6ydet\u00e4\u00e4n yhdess\u00e4 konkreettisia reittej\u00e4 eteenp\u00e4in.<\/strong><\/p>\n\n\n\n<p><strong>Onko ty\u00f6el\u00e4m\u00e4st\u00e4 vaikeaa saada tolkkua? <\/strong>Koetko ty\u00f6el\u00e4m\u00e4n kaoottiseksi? Tuntuvatko omat unelmat pallolta neli\u00f6n muotoisessa koulutusj\u00e4rjestelm\u00e4ss\u00e4 tai ty\u00f6el\u00e4m\u00e4ss\u00e4? (tai esim. kengurulta?)<\/p>\n\n\n\n<p>Oman suunnan ja unelmien ja kaipuiden kuuntelemiseen kunnolla kannattaa ottaa ajoissa v\u00e4h\u00e4n aikaa, <strong>niin harhailuun ja etsimiseen menee v\u00e4hemm\u00e4n el\u00e4m\u00e4\u00e4 hukkaan<\/strong>. Voin tukea sinua t\u00e4ss\u00e4. <\/p>\n\n\n\n<p>Tai ehk\u00e4 etsit totuutta el\u00e4m\u00e4st\u00e4(si) &#8211; suhteestasi perheeseen, opiskeluun tai ty\u00f6uraan, tai johonkin perimm\u00e4iseen &#8211; ja kaipaat jotakuta, jonka kanssa katsoa asioita avoimuudesta k\u00e4sin. <\/p>\n\n\n\n<p>Kaikki ohjauksessani perustuu t\u00e4h\u00e4n: <strong>siit\u00e4 mit\u00e4 tapahtuu, sovitaan ensin yhdess\u00e4.<\/strong> Katso my\u00f6s: <a href=\"https:\/\/ollisavolainen.fi\/mita-tapaamisessa-tapahtuu\/\">Mit\u00e4 tapaamisessa tapahtuu?<\/a><\/p>\n\n\n\n<h3 class=\"wp-block-heading\"><strong>Olen matkani aikana ollut t\u00e4ysill\u00e4 mukana ty\u00f6el\u00e4m\u00e4ss\u00e4 sek\u00e4 yritt\u00e4j\u00e4n\u00e4, ty\u00f6n tilaajana, ett\u00e4 ty\u00f6ntekij\u00e4n\u00e4.<\/strong><\/h3>\n\n\n\n<p>Minua kiinnostavat oman intohimon l\u00f6yt\u00e4misen, ty\u00f6el\u00e4m\u00e4n, ja inhimillisen yhteisty\u00f6n koukerot. Niist\u00e4 minulle on kertynyt sek\u00e4 isoja onnistumisen, ett\u00e4 kipeit\u00e4 kokemuksia vuosien varrella. Ymm\u00e4rr\u00e4n syv\u00e4ll\u00e4 tavalla niit\u00e4 kipupisteit\u00e4 ja toisaalta vapautta, joita nykyiseen ty\u00f6el\u00e4m\u00e4\u00e4n liittyy.<\/p>\n\n\n\n<p>My\u00f6s se ett\u00e4 olen toiminut oppimisen ohjaajana koulutusmaailmassa on konkreettisempien ratkaisujen etsinn\u00e4ss\u00e4 tukena. L\u00e4ht\u00f6kohtana ty\u00f6ss\u00e4ni on se, ett\u00e4 osaaminen ja ratkaisut l\u00f6ytyv\u00e4t sinusta. <\/p>\n\n\n\n<p>Miten tunnistat sen arvon, mit\u00e4 haluat lopulta tarjota, ja mik\u00e4 roolisi on ty\u00f6el\u00e4m\u00e4ss\u00e4? Itsesi \u00e4\u00e4rell\u00e4 kehollisesti oleminen, ja oman kokemuksesi kanssa paremmin kosketuksiin tuleminen, tukee sinua yll\u00e4tt\u00e4vill\u00e4 tavoilla my\u00f6s siin\u00e4.<\/p>\n","protected":false},"excerpt":{"rendered":"<p>Kaipaatko tukea tai ratkaisua johonkin sinua mietitytt\u00e4v\u00e4\u00e4n tai kaihertavaan tilanteeseen? Mietitk\u00f6 tulla miten siksi itseksesi ja el\u00e4\u00e4 sit\u00e4 el\u00e4m\u00e4\u00e4, jota sisimm\u00e4ss\u00e4si kaipaat? Pohditko miten saada sis\u00e4iset resurssisi t\u00e4ydell\u00e4 tavalla k\u00e4ytt\u00f6\u00f6n? Katsotaan yhdess\u00e4 ja l\u00f6ydet\u00e4\u00e4n askelia eteenp\u00e4in! Lis\u00e4\u00e4 ty\u00f6nohjauksesta Valmennusta ihmiselt\u00e4 joka ymm\u00e4rt\u00e4\u00e4 tunteita JA ty\u00f6el\u00e4m\u00e4\u00e4 P\u00e4\u00e4asiassa valmennus keskittyy siihen, ett\u00e4 sinussa ne kokemukset p\u00e4\u00e4sev\u00e4t paikalle, [&hellip;]<\/p>\n","protected":false},"author":1,"featured_media":0,"parent":0,"menu_order":0,"comment_status":"closed","ping_status":"closed","template":"","meta":{"hide_page_title":"","footnotes":""},"class_list":["post-33","page","type-page","status-publish","hentry"],"jetpack_sharing_enabled":true,"_links":{"self":[{"href":"https:\/\/ollisavolainen.fi\/valmennus\/wp-json\/wp\/v2\/pages\/33","targetHints":{"allow":["GET"]}}],"collection":[{"href":"https:\/\/ollisavolainen.fi\/valmennus\/wp-json\/wp\/v2\/pages"}],"about":[{"href":"https:\/\/ollisavolainen.fi\/valmennus\/wp-json\/wp\/v2\/types\/page"}],"author":[{"embeddable":true,"href":"https:\/\/ollisavolainen.fi\/valmennus\/wp-json\/wp\/v2\/users\/1"}],"replies":[{"embeddable":true,"href":"https:\/\/ollisavolainen.fi\/valmennus\/wp-json\/wp\/v2\/comments?post=33"}],"version-history":[{"count":26,"href":"https:\/\/ollisavolainen.fi\/valmennus\/wp-json\/wp\/v2\/pages\/33\/revisions"}],"predecessor-version":[{"id":1119,"href":"https:\/\/ollisavolainen.fi\/valmennus\/wp-json\/wp\/v2\/pages\/33\/revisions\/1119"}],"wp:attachment":[{"href":"https:\/\/ollisavolainen.fi\/valmennus\/wp-json\/wp\/v2\/media?parent=33"}],"curies":[{"name":"wp","href":"https:\/\/api.w.org\/{rel}","templated":true}]}}