{"id":1001,"date":"2022-05-17T15:08:58","date_gmt":"2022-05-17T12:08:58","guid":{"rendered":"https:\/\/valontaju.fi\/mita-valmennus-on\/"},"modified":"2024-11-23T12:26:40","modified_gmt":"2024-11-23T10:26:40","slug":"mita-valmennus-on","status":"publish","type":"page","link":"https:\/\/ollisavolainen.fi\/valmennus\/mita-valmennus-on\/","title":{"rendered":"Mit\u00e4 valmennus on?"},"content":{"rendered":"\n<blockquote class=\"wp-block-quote is-layout-flow wp-block-quote-is-layout-flow\">\n<p>Koeteltu menetelm\u00e4 sis\u00e4iseen avautumiseen.<\/p>\n<\/blockquote>\n\n\n\n<p><\/p>\n\n\n\n<p><strong>Valmennus on mahdollisuus purkaa el\u00e4m\u00e4si solmukohtia ja kehitt\u00e4\u00e4 itsetuntemustasi syv\u00e4llisell\u00e4 tasolla.<\/strong><\/p>\n\n\n\n<h2 class=\"wp-block-heading\">Luovuustaidot, tunnetaidot, kehollisuus ja l\u00e4sn\u00e4olo&nbsp;<\/h2>\n\n\n\n<p>Valmennus rakentuu sinun mukanasi tuomille aiheille, sek\u00e4 sille, mit\u00e4 sinussa tapahtuu ja avautuu valmennuksen aikana. Valmennus on keskustelevaa ja konkreettista, ja usein my\u00f6s kehollista. Se perustuu l\u00e4sn\u00e4oloon, itsetuntemukseen ja tietoisuustaitoihin.<\/p>\n\n\n\n<p><strong>Asiakkaani ovat ihmisi\u00e4, jotka osoittavat kiinnostusta itse\u00e4\u00e4n kohtaan. He haluavat ehk\u00e4 l\u00e4sn\u00e4olon avulla luoda paremman kosketuksen omiin voimavaroihinsa, viisauteensa sek\u00e4 ratkaisuihinsa.<\/strong><\/p>\n\n\n\n<p>L\u00e4hestyn el\u00e4m\u00e4n tilanteita mahdollisuuksina l\u00f6yt\u00e4\u00e4, voimaantua ja vapautua. En ensisijaisesti keskity pintapuoliseen ratkaisemiseen, tai ulkoisten olosuhteiden muuttamiseen. Ratkaisut l\u00f6ytyv\u00e4t sinusta itsest\u00e4si, sallivassa vuorovaikutuksessa.<\/p>\n\n\n\n<p>Haluan tarjota sinulle mahdollisuuksia tutkia el\u00e4m\u00e4si merkityksellisi\u00e4 asioita ja haasteita. Valmennuksen vaikutukset voivat olla my\u00f6s terapeuttisia, vaikka kyse ei ole varsinaisesta terapiasta.&nbsp;<\/p>\n\n\n\n<p>Rohkaisen sinua oman kehon ja tunteiden \u00e4\u00e4relle kokonaisvaltaisesti. Toisinaan se mit\u00e4 on, ei aina ole niin miellytt\u00e4v\u00e4\u00e4 katsoa tai el\u00e4\u00e4 l\u00e4pi. Toisinaan se taas rentouttaa, ja saattaa meid\u00e4t johonkin hyvin rauhalliseen paikkaan. T\u00e4rkeint\u00e4 on kuitenkin sallia se kaikki. Valmentajana olen asiakkaan tukena, ohjaten ja kannustaen sen \u00e4\u00e4rell\u00e4 mit\u00e4 on juuri nyt.<\/p>\n\n\n\n<p>Valmennuksissa my\u00f6s toiminnalliset harjoitteet ovat mahdollisia. Voimme my\u00f6s sopia harjoitteista, joita teet kotona.<\/p>\n\n\n\n<div class=\"wp-block-buttons is-layout-flex wp-block-buttons-is-layout-flex\">\n<div class=\"wp-block-button is-style-fill\"><a class=\"wp-block-button__link has-text-color has-background wp-element-button\" href=\"https:\/\/valontaju.fi\/ota-yhteytta\/\" style=\"border-radius:27px;color:#ffffff;background-color:#45af03\">Sovi aloitustapaaminen!<\/a><\/div>\n<\/div>\n\n\n\n<p><a href=\"https:\/\/valontaju.fi\/mita-tapaamisessa-tapahtuu\/\" data-type=\"page\" data-id=\"298\">Mit\u00e4 valmennukstapaamisessa tapahtuu?<\/a><\/p>\n","protected":false},"excerpt":{"rendered":"<p>Koeteltu menetelm\u00e4 sis\u00e4iseen avautumiseen. Valmennus on mahdollisuus purkaa el\u00e4m\u00e4si solmukohtia ja kehitt\u00e4\u00e4 itsetuntemustasi syv\u00e4llisell\u00e4 tasolla. Luovuustaidot, tunnetaidot, kehollisuus ja l\u00e4sn\u00e4olo&nbsp; Valmennus rakentuu sinun mukanasi tuomille aiheille, sek\u00e4 sille, mit\u00e4 sinussa tapahtuu ja avautuu valmennuksen aikana. Valmennus on keskustelevaa ja konkreettista, ja usein my\u00f6s kehollista. Se perustuu l\u00e4sn\u00e4oloon, itsetuntemukseen ja tietoisuustaitoihin. Asiakkaani ovat ihmisi\u00e4, jotka osoittavat [&hellip;]<\/p>\n","protected":false},"author":1,"featured_media":3571,"parent":0,"menu_order":0,"comment_status":"closed","ping_status":"closed","template":"","meta":{"hide_page_title":"","footnotes":""},"class_list":["post-1001","page","type-page","status-publish","has-post-thumbnail","hentry"],"jetpack_sharing_enabled":true,"_links":{"self":[{"href":"https:\/\/ollisavolainen.fi\/valmennus\/wp-json\/wp\/v2\/pages\/1001","targetHints":{"allow":["GET"]}}],"collection":[{"href":"https:\/\/ollisavolainen.fi\/valmennus\/wp-json\/wp\/v2\/pages"}],"about":[{"href":"https:\/\/ollisavolainen.fi\/valmennus\/wp-json\/wp\/v2\/types\/page"}],"author":[{"embeddable":true,"href":"https:\/\/ollisavolainen.fi\/valmennus\/wp-json\/wp\/v2\/users\/1"}],"replies":[{"embeddable":true,"href":"https:\/\/ollisavolainen.fi\/valmennus\/wp-json\/wp\/v2\/comments?post=1001"}],"version-history":[{"count":6,"href":"https:\/\/ollisavolainen.fi\/valmennus\/wp-json\/wp\/v2\/pages\/1001\/revisions"}],"predecessor-version":[{"id":2344,"href":"https:\/\/ollisavolainen.fi\/valmennus\/wp-json\/wp\/v2\/pages\/1001\/revisions\/2344"}],"wp:featuredmedia":[{"embeddable":true,"href":"https:\/\/ollisavolainen.fi\/valmennus\/wp-json\/wp\/v2\/media\/3571"}],"wp:attachment":[{"href":"https:\/\/ollisavolainen.fi\/valmennus\/wp-json\/wp\/v2\/media?parent=1001"}],"curies":[{"name":"wp","href":"https:\/\/api.w.org\/{rel}","templated":true}]}}